20*2/10*-2. Let c = z + -5. Let x(p) = -p**2 + 2*p - 1. Calculate x(c).
-4
Let b be (-16)/(-32)*(9 - 3). Let h be 2/(-4) - (-15)/2. Suppose h*z = b*z + 8. Let g(q) = -q**3 + 2*q**2 + q - 2. What is g(z)?
0
Let q(n) be the first derivative of -n**3/3 + n**2/2 + n - 4. Suppose 0*i + 3 = 3*i. Let m(v) = -4*v**2 + 8*v + 6. Let d(w) = i*m(w) - 3*q(w). Calculate d(7).
-11
Let f(d) = d**2 + 5*d + 7. Suppose -4*r - 4 = 16. Give f(r).
7
Let h(j) = -j + 3. Let u be h(1). Suppose 0 = 5*a - 2*w, 4*a - u*w = 8*a. Suppose -5*q + 0*q + 15 = a. Let b(l) = -6*l + 4. Calculate b(q).
-14
Let l(q) be the first derivative of 2*q**3/3 + 3*q**2 - 3*q - 97. Determine l(-5).
17
Let k(n) = -n**2 - 2*n - 1. Let f be 1/(1/(-3))*-1. Suppose -5*p + 4*b = -48, p - 3*b = -2*b + 10. Suppose -f*i - i = p. What is k(i)?
-1
Let i(r) = -r**2 + 2*r. Let t(n) = -42*n + 253. Let u be t(6). Calculate i(u).
1
Let g(a) = 3*a. Let b(t) = -t**3 + 19*t**2 + 21*t - 10. Let v be b(20). Determine g(v).
30
Let h(n) = n**3 + n. Suppose -5*b + 12 = -b. Suppose -2*r = -r - w + 2, w - b = 0. Calculate h(r).
2
Let d(o) = o**2 + 4*o. Let y be 106/8 - (-1)/(-4). Suppose -y - 15 = 4*s. Let p = s + 3. Give d(p).
0
Let g be (1 - (1 - -13))/(2/8). Let w be (4 + g/8)*2. Let o(r) = r**2 + 4*r - 1. Calculate o(w).
4
Let h(s) = -5*s - 2. Let i(d) be the second derivative of -d**3/6 - d**2/2 - 2*d. Let j(b) = h(b) - 3*i(b). Let m = 20 - 16. What is j(m)?
-7
Suppose -20 + 7 = -5*d + 2*a, -3*d + 10 = a. Let n(o) = 0*o**2 + o**2 + d*o - 3*o**2 - 2. Let q(t) = -2*t**2 - 31*t - 12. Let w be q(-15). Give n(w).
-11
Let g = -256 - -257. Let m(h) = -h**2 - h + 4. Let j(u) = -3*u - 1. Let w(q) = q. Let d(x) = j(x) + 4*w(x). Let c(k) = g*m(k) + 3*d(k). What is c(4)?
-7
Let q = -234 - -229. Let b(d) = d**3 + 3*d**2 - 5*d. What is b(q)?
-25
Let c(p) = p**2 + 11*p + 23. Let x be c(-4). Let a(j) = 4*j + 15. Calculate a(x).
-5
Let h(g) = 5*g**2 - 2*g - 2. Let k(z) = -9*z**2 + 3*z + 3. Let w(j) = 7*h(j) + 4*k(j). Let c be 14 - (-8 + 1 + 26). Calculate w(c).
-17
Suppose -v = -5*k + 56, -2*v - 2 = 4*k - 44. Let f(c) = -c**2 + 1 - 7*c + k*c + 2*c**2 + 0. Determine f(-3).
-2
Let h(v) = -7*v + 3. Let z(k) = 8*k - 3. Let y(q) = 7*h(q) + 6*z(q). Let u be y(1). Let r(m) = m**3 - 3*m**2 + 2*m - 1. Give r(u).
-1
Suppose -4*w = w. Let v(n) = 1 + 3 + 18*n - 17*n + 6. Determine v(w).
10
Let a(j) = 2*j**2 + 10*j - 30. Let w(b) = b**2 + 5*b - 14. Let t(d) = -3*a(d) + 7*w(d). Calculate t(-7).
6
Let q(z) be the first derivative of -z**4/4 - 8*z**3/3 - 2*z**2 + 9*z + 102. Give q(-8).
41
Let k(r) = -r**3 - 3*r**2 + 5*r + 6. Let g(f) = -f**3 + 7*f**2 + 7*f - 13. Let s be g(7). Let w = -40 + s. Give k(w).
2
Let z(u) = -6*u**2 - u. Let l = -107 + 87. Let p = l - -19. Give z(p).
-5
Let c = -1140 - -1143. Let m(a) be the first derivative of -3*a**2/2 + a + 1. Calculate m(c).
-8
Let a(i) = 39*i - 77. Let m be a(2). Let c(s) = -9*s**3 - 2*s**2 + 6*s - 4. Calculate c(m).
-9
Let s(h) = -2*h**2 + 58*h + 49. Let f be s(30). Let l(b) = b**3 + 11*b**2 - b - 11. Give l(f).
0
Let f = 47 + -44. Let s(h) = 4 - 6 + 3*h + 3. What is s(f)?
10
Suppose y + 2*g + 1 = 0, -3*y + 2*g = -3*g - 8. Let i(m) = 6*m**3 - 4*m**2 + 2*m - 9. Let w(p) = p**3 - 1. Let r(x) = y*i(x) - 5*w(x). Calculate r(4).
4
Let p(h) = h**2 + 8*h - 1. Let l be (205/(-7) - 4/(-14))*-1. Let s = l + -36. What is p(s)?
-8
Let g(a) = a**2 - 24*a - 147. Let t be g(29). Let i(m) = -13*m - 3. Determine i(t).
23
Let c(v) be the first derivative of -v**4/4 - 2*v**3 + 7*v**2/2 + 3*v + 122. What is c(-7)?
3
Let n be (-7)/(-14) + 6/(-4). Let l(d) = 1. Let o(f) = f**2 - 7*f + 3. Let m(t) = n*o(t) + 3*l(t). Let r be 40/8*18/15. Give m(r).
6
Let a = 9 - 4. Suppose 3*v + n - 44 = 1, 3*n + a = v. Let j be 62/v + 9/(-21). Let c(g) = -3*g + 5. Calculate c(j).
-7
Let d(l) be the second derivative of -5/3*l**3 + 9/2*l**2 + 1/12*l**4 - 5*l + 0. Give d(7).
-12
Let o(s) = 6*s**3 - s + 1. Let z be o(1). Let d(w) = -6*w + 2*w**2 + 7*w**2 - 8*w**2 + 2. What is d(z)?
2
Let n(t) = -t + 12. Let i be n(10). Suppose 3*h - 5 = 3*a - 7*a, 0 = -2*h + i*a + 22. Let m(j) = -j + 1. Give m(h).
-6
Let b(l) = 0*l**3 - 4*l**3 - l**2 + 3*l**3. Let a(f) = -2*f**2 - 9. Let i(u) = -a(u) + b(u). Let z(x) = -3*x - 75. Let w be z(-25). Give i(w).
9
Let c(q) = -5 - q - q - 2. Let l(p) = -1025*p - 7180. Let v be l(-7). Calculate c(v).
3
Let n(o) = -2*o - 34. Let m be n(-17). Let q(g) = -g - 8. Determine q(m).
-8
Suppose -40 = -3*s - 10. Let a be ((-112)/(-35))/(4/s). Suppose 2*v - a = 4*v. Let i(d) = d**3 + 5*d**2 - 1. What is i(v)?
15
Let f = -383 + 385. Let s(a) = -a**3 - 2*a**2 + 4*a - 2. Determine s(f).
-10
Let p(o) = -o**3 + 3*o**2 + 5*o - 3. Let a = 711 - 708. Calculate p(a).
12
Let w(n) = n**3 - 2*n**2 + 21*n**2 + 12 - 9*n**2 - 7*n - 2*n**2 + 0*n**2. What is w(-9)?
-6
Let p(c) be the second derivative of -2*c**3/3 + 3*c**2/2 + 17*c. What is p(4)?
-13
Let h = -237 + 167. Let t = h + 69. Let q(l) = -5*l. Give q(t).
5
Let f(l) = -11 - l + 2*l + 15 - 6 + 0*l. Calculate f(-4).
-6
Suppose 4*y - 4*x = 0, 3*y = 4*x - 5 + 4. Let c(u) = -6*u - 5. Let s = -23 - -12. Let z(h) = 18*h + 14. Let g(i) = s*c(i) - 4*z(i). Give g(y).
-7
Let u be 1 + 2/(2/(-3)). Let b be (-236)/(-16) - u/8. Suppose -6*l + 11*l + b = 0. Let k(w) = -w**2 - w - 2. Calculate k(l).
-8
Let a(t) be the second derivative of -7*t**5/120 - t**4/24 - t**3/2 + 4*t. Let b(u) be the second derivative of a(u). Let i be (4 + -1)*-1 + 2. What is b(i)?
6
Suppose 2*i + 5*b + 14 = 0, -2*i - 5*b = -4*i - 14. Let l(v) = v**2 + 10*v + 2. What is l(i)?
-19
Let f(j) = j**3 + 5*j**2 + 3*j + 5. Let y be (9/12)/(2 - (-31)/(-16)). Let a(v) = -v**2 + 10*v + 20. Let b be a(y). What is f(b)?
9
Let o(k) = k**2 + 2*k**2 + 66 - 2*k**2 - 65. Let i(b) = 6*b**2 - b**3 + b + 1 - 4 - 5. Let y be i(6). Calculate o(y).
5
Let z = 37 - 38. Let w be 12/(-9) - z/3. Let h(o) = -12*o**2 - 2*o - 1. Give h(w).
-11
Let q be (0/3 + -3)*-1. Suppose f + 62 = q*g, f = -3*f - 8. Suppose -h = 4*h + g. Let t(n) = n**3 + 3*n**2 - 7*n - 6. What is t(h)?
6
Let r(q) be the first derivative of q + 11 + 1/3*q**3 + 9/2*q**2. Let i(u) be the first derivative of r(u). Give i(-8).
-7
Let t(i) be the third derivative of i**5/60 - 7*i**4/24 + 7*i**3/6 + i**2. Let k be 28*(-3)/(-6)*(-3 - 28/(-8)). Calculate t(k).
7
Let u(k) = -k**3 - 7*k**2 - 2*k - 8. Let m be u(-5). Let p be 10/35 - (-3)/(63/m). Let y(r) = 2*r**2 + r - 2. What is y(p)?
4
Suppose -3*y - 150 - 39 = 0. Let h be y/(-18)*4/7. Let s(i) = h*i - 5*i + i. What is s(-1)?
2
Let i(j) = -j**3 - 9*j**2 + 8*j - 12. Suppose -25 = 2*g - 5*q, 2*g - 2*q = 2*q - 24. What is i(g)?
8
Let c(l) = l**2 - 4*l - 6. Let w be c(6). Let b(t) = t**2 - 8*t + 2. Let g(k) = k + 1. Let j(u) = b(u) + 2*g(u). What is j(w)?
4
Let x(o) = -o**3 + 7*o**2 + 2*o + 8. Let z = 112 - 104. What is x(z)?
-40
Suppose -i - 13 = -3*v - 0*i, 0 = v - 2*i - 1. Suppose -v*o = -4*c - 15, -2*c - 10 = -5*o + c. Let z(d) = d**3 + d + 1. Calculate z(o).
-1
Let k(v) = 2*v**2 - 19*v + 26. Let m be k(8). Let x(w) = 12*w**3 + w**m + 4 + 5*w**3 - 16*w**3. Determine x(-3).
-14
Let b(v) be the second derivative of -v**4/3 + v**3/2 + 2*v**2 + 131*v. What is b(3)?
-23
Let f(p) = 4*p**3 - 2*p**2 + 1. Let o = -1 + 2. Let c be f(o). Let a(l) = 0*l**2 - 8 - l**2 - 1 + 5*l + 7. Give a(c).
4
Let c(o) = -4*o**3 - 17*o**2 + 12*o + 13. Let s(j) = 3*j**3 + 15*j**2 - 11*j - 12. Let u(g) = -4*c(g) - 5*s(g). Let b be ((-4)/6)/((-1)/9). Give u(b).
14
Suppose -4 + 24 = 4*q - g, 4 = 5*q + 4*g. Suppose -q*j = -2 + 6. Let a(f) be the third derivative of f**4/12 - 2*f**2. Give a(j).
-2
Let k(l) = -7*l**2 + 11*l - 1. Let u(t) = -8*t**2 + 12*t. Let h(z) = -7*k(z) + 6*u(z). Let f be ((2 - 1)/1)/((-63)/(-378)). Give h(f).
13
Let h(u) = -4*u**3 - 3*u**2 + 4 + 5*u**3 - u**2 - u + u**2. Suppose -10 + 2 = -2*i. Calculate h(i).
16
Suppose 0 = -s - 14 + 19. Suppose -3 = s*a - 8. Let d(z) = z + 4*z - 8*z + a + 1. Determine d(4).
-10
Suppose -6*k + 15 = -3. Let d(n) = -n**3 - 6*n**2 + 2*n**3 + n - 5 + k - 2*n. What is d(6)?
-8
Let o(x) = 3*x - 2. Let c = 645 - 642. Calculate o(c).
7
Let a(s) = -4*s**2 - s - 1. Let p be a(-1). Suppose 0*r = -3*r + 9. Let i be r/12 + 25/p. Let u(f) = f**3 + 7*f**2 + 7*f. Calculate u(i).
-6
Let c(i) be the second derivative of -i**3/3 + 2*i